{"id":24,"date":"2016-07-14T15:39:27","date_gmt":"2016-07-14T15:39:27","guid":{"rendered":"http:\/\/www.adetre.es\/?page_id=24"},"modified":"2016-07-14T15:39:42","modified_gmt":"2016-07-14T15:39:42","slug":"proyectos","status":"publish","type":"page","link":"https:\/\/www.adetre.es\/en\/projects\/","title":{"rendered":"Projects"},"content":{"rendered":"<p>ADETRE currently has the following economic support for its research<\/p>\n<h4>ECO2009 &#8211; 13675. Optimal policies for economic growth<\/h4>\n<ul>\n<li><strong>Principal researcher: <\/strong>Marcos Sanso Frago<\/li>\n<li><strong>Researchers: <\/strong>Pedro Garc\u00eda Castrillo, Fernando Pueyo Baldellou, Rosa Mar\u00eda Aisa Rived, Gemma Larramona Ballar\u00edn, Marcos Sanso Navarro, Domingo P\u00e9rez Xim\u00e9nez de Emb\u00fan y A\u00edda Cristina Galiano Mart\u00ednez.<\/li>\n<li><strong>Funding: <\/strong>Ministerio de Ciencia e Innovaci\u00f3n<\/li>\n<li><strong>Term: <\/strong>2010 &#8211; 2012<\/li>\n<\/ul>\n<h4>ECO2009 &#8211; 09332. Theoretical and empirical aspects associated with the phenomenon of urban sprawl<\/h4>\n<ul>\n<li><strong>Principal researcher:<\/strong> Fernando Sanz Gracia<\/li>\n<li><strong>Researchers:<\/strong> Jes\u00fas Clemente L\u00f3pez, Arturo Ramos Guti\u00e9rrez, Fernando Pueyo Balldellou, Montserrat Ponz Espallargas, Luis Lanaspa Santolaria, Domingo P\u00e9rez Xim\u00e9nez\u00a0 de Emb\u00fan, Nuria Domeneque Claver, Rafael Gonz\u00e1lez Val, Daniel Arribas Bel y Mar\u00eda Vera Cabello.<\/li>\n<li><strong>Funding:<\/strong> Ministerio de Ciencia e Innovaci\u00f3n<\/li>\n<li><strong>Term:<\/strong> 2010-2012<\/li>\n<\/ul>\n<div><\/div>\n<div>\n<h4>ECO2009 &#8211; 13085. Structural changes in multivariate regressions: Studies for finite samples and applications<\/h4>\n<ul>\n<li><strong>Principal researcher: <\/strong>Antonio Monta\u00f1\u00e9s Bern\u00e1l<\/li>\n<li><strong>Researchers: <\/strong>Jes\u00fas Clemente L\u00f3pez, Marcelo Reyes Garc\u00eda, Monserrat Ponz Espallargas, Irene Olloqui Cuartero, Monia Ben Kaabia, Marcos Sanso Navarro, Mar\u00eda Asunci\u00f3n Gonz\u00e1lez \u00c1lvarez y Sergio Gabas Torrente.<\/li>\n<li><strong>Funding: <\/strong>Ministerio de Ciencia e Innovaci\u00f3n<\/li>\n<li><strong>Term: <\/strong>2010-2012<\/li>\n<\/ul>\n<\/div>\n<p><\/p>","protected":false},"excerpt":{"rendered":"<p>ADETRE currently has the following economic support for its research ECO2009 &#8211; 13675. Optimal policies for economic growth Principal researcher: Marcos Sanso Frago Researchers: Pedro Garc\u00eda Castrillo, Fernando Pueyo Baldellou, Rosa Mar\u00eda Aisa Rived, Gemma Larramona Ballar\u00edn, Marcos Sanso Navarro, Domingo P\u00e9rez Xim\u00e9nez&hellip;<\/p>\n","protected":false},"author":1,"featured_media":0,"parent":0,"menu_order":40,"comment_status":"closed","ping_status":"closed","template":"","meta":{"_monsterinsights_skip_tracking":false,"_monsterinsights_sitenote_active":false,"_monsterinsights_sitenote_note":"","_monsterinsights_sitenote_category":0,"footnotes":""},"class_list":["post-24","page","type-page","status-publish","hentry"],"_links":{"self":[{"href":"https:\/\/www.adetre.es\/en\/wp-json\/wp\/v2\/pages\/24","targetHints":{"allow":["GET"]}}],"collection":[{"href":"https:\/\/www.adetre.es\/en\/wp-json\/wp\/v2\/pages"}],"about":[{"href":"https:\/\/www.adetre.es\/en\/wp-json\/wp\/v2\/types\/page"}],"author":[{"embeddable":true,"href":"https:\/\/www.adetre.es\/en\/wp-json\/wp\/v2\/users\/1"}],"replies":[{"embeddable":true,"href":"https:\/\/www.adetre.es\/en\/wp-json\/wp\/v2\/comments?post=24"}],"version-history":[{"count":1,"href":"https:\/\/www.adetre.es\/en\/wp-json\/wp\/v2\/pages\/24\/revisions"}],"predecessor-version":[{"id":25,"href":"https:\/\/www.adetre.es\/en\/wp-json\/wp\/v2\/pages\/24\/revisions\/25"}],"wp:attachment":[{"href":"https:\/\/www.adetre.es\/en\/wp-json\/wp\/v2\/media?parent=24"}],"curies":[{"name":"wp","href":"https:\/\/api.w.org\/{rel}","templated":true}]}}

<p>ADETRE currently has the following economic support for its research</p>
<h4>ECO2009 &#8211; 13675. Optimal policies for economic growth</h4>
<ul>
<li><strong>Principal researcher: </strong>Marcos Sanso Frago</li>
<li><strong>Researchers: </strong>Pedro García Castrillo, Fernando Pueyo Baldellou, Rosa María Aisa Rived, Gemma Larramona Ballarín, Marcos Sanso Navarro, Domingo Pérez Ximénez de Embún y Aída Cristina Galiano Martínez.</li>
<li><strong>Funding: </strong>Ministerio de Ciencia e Innovación</li>
<li><strong>Term: </strong>2010 &#8211; 2012</li>
</ul>
<h4>ECO2009 &#8211; 09332. Theoretical and empirical aspects associated with the phenomenon of urban sprawl</h4>
<ul>
<li><strong>Principal researcher:</strong> Fernando Sanz Gracia</li>
<li><strong>Researchers:</strong> Jesús Clemente López, Arturo Ramos Gutiérrez, Fernando Pueyo Balldellou, Montserrat Ponz Espallargas, Luis Lanaspa Santolaria, Domingo Pérez Ximénez  de Embún, Nuria Domeneque Claver, Rafael González Val, Daniel Arribas Bel y María Vera Cabello.</li>
<li><strong>Funding:</strong> Ministerio de Ciencia e Innovación</li>
<li><strong>Term:</strong> 2010-2012</li>
</ul>
<div></div>
<div>
<h4>ECO2009 &#8211; 13085. Structural changes in multivariate regressions: Studies for finite samples and applications</h4>
<ul>
<li><strong>Principal researcher: </strong>Antonio Montañés Bernál</li>
<li><strong>Researchers: </strong>Jesús Clemente López, Marcelo Reyes García, Monserrat Ponz Espallargas, Irene Olloqui Cuartero, Monia Ben Kaabia, Marcos Sanso Navarro, María Asunción González Álvarez y Sergio Gabas Torrente.</li>
<li><strong>Funding: </strong>Ministerio de Ciencia e Innovación</li>
<li><strong>Term: </strong>2010-2012</li>
</ul>
</div>
<p></p>

<p>ADETRE currently has the following economic support for its research ECO2009 &#8211; 13675. Optimal policies for economic growth Principal researcher: Marcos Sanso Frago Researchers: Pedro García Castrillo, Fernando Pueyo Baldellou, Rosa María Aisa Rived, Gemma Larramona Ballarín, Marcos Sanso Navarro, Domingo Pérez Ximénez&hellip;</p>
